{"id":1179,"date":"2022-10-07T17:11:35","date_gmt":"2022-10-07T17:11:35","guid":{"rendered":"http:\/\/eveliorojas.com\/?page_id=1179"},"modified":"2024-10-19T19:39:48","modified_gmt":"2024-10-19T19:39:48","slug":"eso-emprende","status":"publish","type":"page","link":"https:\/\/eveliorojas.com\/index.php\/eso-emprende\/","title":{"rendered":"Entrenamiento ESOVENDE"},"content":{"rendered":"\t\t<div data-elementor-type=\"wp-page\" data-elementor-id=\"1179\" class=\"elementor elementor-1179\">\n\t\t\t\t\t\t<section class=\"elementor-section elementor-top-section elementor-element elementor-element-9f6e85c elementor-section-boxed elementor-section-height-default elementor-section-height-default\" data-id=\"9f6e85c\" data-element_type=\"section\">\n\t\t\t\t\t\t<div class=\"elementor-container elementor-column-gap-default\">\n\t\t\t\t\t<div class=\"elementor-column elementor-col-100 elementor-top-column elementor-element elementor-element-50b11de\" data-id=\"50b11de\" data-element_type=\"column\">\n\t\t\t<div class=\"elementor-widget-wrap elementor-element-populated\">\n\t\t\t\t\t\t<div class=\"elementor-element elementor-element-33c79ca elementor-widget elementor-widget-image\" data-id=\"33c79ca\" data-element_type=\"widget\" data-widget_type=\"image.default\">\n\t\t\t\t<div class=\"elementor-widget-container\">\n\t\t\t\t\t\t\t\t\t\t\t\t\t\t\t<img fetchpriority=\"high\" decoding=\"async\" width=\"640\" height=\"427\" src=\"https:\/\/eveliorojas.com\/wp-content\/uploads\/2023\/04\/Evelio-Rojas-Consultor-asesoria-mercadeo-y-ventas-1-1024x683.jpg\" class=\"attachment-large size-large wp-image-1442\" alt=\"\" srcset=\"https:\/\/eveliorojas.com\/wp-content\/uploads\/2023\/04\/Evelio-Rojas-Consultor-asesoria-mercadeo-y-ventas-1-1024x683.jpg 1024w, https:\/\/eveliorojas.com\/wp-content\/uploads\/2023\/04\/Evelio-Rojas-Consultor-asesoria-mercadeo-y-ventas-1-300x200.jpg 300w, https:\/\/eveliorojas.com\/wp-content\/uploads\/2023\/04\/Evelio-Rojas-Consultor-asesoria-mercadeo-y-ventas-1-768x512.jpg 768w, https:\/\/eveliorojas.com\/wp-content\/uploads\/2023\/04\/Evelio-Rojas-Consultor-asesoria-mercadeo-y-ventas-1-1536x1025.jpg 1536w, https:\/\/eveliorojas.com\/wp-content\/uploads\/2023\/04\/Evelio-Rojas-Consultor-asesoria-mercadeo-y-ventas-1.jpg 1920w\" sizes=\"(max-width: 640px) 100vw, 640px\" \/>\t\t\t\t\t\t\t\t\t\t\t\t\t\t\t<\/div>\n\t\t\t\t<\/div>\n\t\t\t\t\t<\/div>\n\t\t<\/div>\n\t\t\t\t\t<\/div>\n\t\t<\/section>\n\t\t\t\t<section class=\"elementor-section elementor-top-section elementor-element elementor-element-38f8557 elementor-section-boxed elementor-section-height-default elementor-section-height-default\" data-id=\"38f8557\" data-element_type=\"section\">\n\t\t\t\t\t\t<div class=\"elementor-container elementor-column-gap-default\">\n\t\t\t\t\t<div class=\"elementor-column elementor-col-50 elementor-top-column elementor-element elementor-element-ee1b5c7\" data-id=\"ee1b5c7\" data-element_type=\"column\">\n\t\t\t<div class=\"elementor-widget-wrap elementor-element-populated\">\n\t\t\t\t\t\t<div class=\"elementor-element elementor-element-04c4e3f elementor-widget elementor-widget-text-editor\" data-id=\"04c4e3f\" data-element_type=\"widget\" data-widget_type=\"text-editor.default\">\n\t\t\t\t<div class=\"elementor-widget-container\">\n\t\t\t\t\t\t\t\t\t<p><b><span style=\"font-size: 14pt; font-family: Arial, sans-serif; padding: 0cm; border: 1pt none windowtext;\">ESOVENDE&nbsp;<\/span><\/b><span style=\"font-size: 14pt; font-family: Arial, sans-serif;\">entrenamiento personalizado, un traje a la medida<\/span><\/p>\n<p style=\"margin-bottom: 0cm; text-align: justify; line-height: normal; background-color: white;\"><span style=\"font-size: 14pt; font-family: Arial, sans-serif; padding: 0cm; border: 1pt none windowtext;\">Entrenamiento de tres semanas para apoyar al emprendedor a realizar su autoconocimiento y su singularidad emprendedora.<\/span><\/p>\n<p style=\"margin-bottom: 0cm; text-align: justify; line-height: normal; background-color: white;\"><span style=\"font-size: 14pt; font-family: Arial, sans-serif; padding: 0cm; border: 1pt none windowtext;\">Realizaci\u00f3n de un assessment PDA, para que el emprendedor el conocimiento de su perfil conductual, para el viaje a su autodescubrimiento: que lo inspira y apasiona para amar a su emprendimiento y disfrutar, construir un \u00e9xito sostenible, pero qu\u00e9 sea su sue\u00f1o profundo, para llevarlo a la acci\u00f3n.<\/span><\/p>\n<p style=\"margin-bottom: 0cm; text-align: justify; line-height: normal; background-color: white;\"><span style=\"font-size: 14pt; font-family: Arial, sans-serif; padding: 0cm; border: 1pt none windowtext;\">&nbsp;<\/span><\/p>\n<p style=\"margin-bottom: 0cm; text-align: justify; line-height: normal; background-color: white;\"><span style=\"font-size: 14pt; font-family: Arial, sans-serif; padding: 0cm; border: 1pt none windowtext;\"><b>Un aprendizaje de tres (3) semanas:<\/b><\/span><span style=\"text-indent: -18pt; font-size: 10pt; font-family: Symbol;\"><span style=\"font-variant-numeric: normal; font-variant-east-asian: normal; font-variant-alternates: normal; font-kerning: auto; font-optical-sizing: auto; font-feature-settings: normal; font-variation-settings: normal; font-stretch: normal; font-size: 7pt; line-height: normal; font-family: 'Times New Roman';\">&nbsp;<\/span><\/span><\/p>\n<ul>\n<li><span style=\"text-indent: -18pt; font-size: 14pt; font-family: Arial, sans-serif; padding: 0cm; border: 1pt none windowtext;\">Una charla de una hora con varios temas para entrar al&nbsp;<\/span><span style=\"font-family: Arial, sans-serif; font-size: 14pt; text-indent: -18pt;\">&nbsp;autodescubrimiento como emprendedor., de ESO, es la causa de amar a su emprendimiento.<\/span><\/li>\n<li><span style=\"font-family: Arial, sans-serif; font-size: 14pt; text-indent: -18pt;\">Siete (7) sesiones de coaching de emprendimiento.<\/span><\/li>\n<li><span style=\"font-size: 14pt; font-family: Arial, sans-serif; padding: 0cm; border: 1pt none windowtext;\">Todo lo que hagamos alineado en&nbsp;<b>ESOVENDE&nbsp;<\/b>tienen un 80% de posibilidades de \u00e9xito, ejemplo: Nuevos emprendimiento y negocios.<\/span>&nbsp;<\/li>\n<\/ul>\n<p style=\"margin-bottom: 0cm; text-align: justify; line-height: normal; background-color: white;\"><span style=\"font-size: 14pt; font-family: Arial, sans-serif; padding: 0cm; border: 1pt none windowtext;\">E<b>st\u00e1 dirigido.<\/b><\/span><\/p>\n<p style=\"margin-bottom: 0cm; text-align: justify; line-height: normal; background-color: white;\"><span style=\"font-family: Arial, sans-serif; font-size: 14pt;\">Empresarios, emprendedores, directivos, gerentes, profesionales independientes, consultores, vendedores y todas las personas que deseen saber cu\u00e1l es su pasi\u00f3n y motivadores naturales, defini\u00e9ndose con&nbsp;<\/span><span style=\"background-color: #ffffff; font-weight: bold; font-family: Arial, sans-serif; font-size: 18.6667px; text-align: left;\">ESOVENDE&nbsp;<\/span><span style=\"font-family: Arial, sans-serif; font-size: 14pt;\">el concepto personal del emprendimiento exitoso.<\/span><\/p>\n<p style=\"margin-bottom: 0cm; text-align: justify; line-height: normal; background-color: white;\"><span style=\"font-size: 14pt; font-family: Arial, sans-serif; padding: 0cm; border: 1pt none windowtext;\">&nbsp;<\/span><\/p>\n<p style=\"margin-bottom: 0cm; text-align: justify; line-height: normal; background-color: white;\"><b><span style=\"font-size: 14pt; font-family: Arial, sans-serif; padding: 0cm; border: 1pt none windowtext;\">Primera semana, d\u00edas 1 y 2.&nbsp;<\/span><\/b><\/p>\n<p style=\"margin-bottom: 0cm; text-align: justify; line-height: normal; background-color: white;\"><b><span style=\"font-size: 14pt; font-family: Arial, sans-serif; padding: 0cm; border: 1pt none windowtext;\">&nbsp;<\/span><\/b><\/p>\n<p style=\"margin-bottom: 0cm; text-align: justify; line-height: normal; background-color: white;\"><b><span style=\"font-size: 14pt; font-family: Arial, sans-serif; padding: 0cm; border: 1pt none windowtext;\">Contenido:<\/span><\/b><\/p>\n<p style=\"text-indent: 0px; margin-bottom: 0cm; text-align: justify; line-height: normal; background-color: white;\"><span style=\"background-color: #ffffff; font-family: Arial, sans-serif; font-size: 18.6667px; text-indent: -24px;\">1.<\/span><span style=\"text-indent: -18pt; font-family: Arial, sans-serif; font-size: 14pt;\">Una Master Class de una (1) hora. D<\/span><b style=\"text-indent: -18pt; font-family: Arial, sans-serif; font-size: 14pt;\">esarrollar en los participantes las competencias de:<\/b><\/p>\n<p style=\"text-indent: 0px; margin-bottom: 0cm; text-align: justify; line-height: normal; background-color: white;\"><span style=\"background-color: #ffffff; font-family: Arial, sans-serif; font-size: 18.6667px; text-indent: -24px;\">2.<\/span><span style=\"font-family: Arial, sans-serif; font-size: 14pt; text-indent: -18pt;\"><b>&nbsp;<\/b>Somos 100% responsables.&nbsp;<\/span><\/p>\n<p style=\"text-indent: 0px; margin-bottom: 0cm; text-align: justify; line-height: normal; background-color: white;\"><span style=\"font-family: Arial, sans-serif; font-size: 14pt; text-indent: -18pt;\">3.Causa y efecto.&nbsp;<\/span><\/p>\n<p style=\"text-indent: 0px; margin-bottom: 0cm; text-align: justify; line-height: normal; background-color: white;\"><span style=\"font-family: Arial, sans-serif; font-size: 14pt; text-indent: -18pt;\">4.\u00bfQu\u00e9&nbsp;<\/span><span style=\"font-family: Arial, sans-serif; font-size: 14pt; text-indent: -18pt;\">es un emprendimiento?<\/span><\/p>\n<p style=\"text-indent: 0px; margin-bottom: 0cm; text-align: justify; line-height: normal; background-color: white;\"><span style=\"font-family: Arial, sans-serif; font-size: 14pt; text-indent: -18pt;\">5<\/span><b style=\"font-family: Arial, sans-serif; font-size: 14pt; text-indent: -18pt;\">.&nbsp;<\/b><span style=\"font-family: Arial, sans-serif; font-size: 14pt; text-indent: -18pt;\">Las cuatro fases de un emprendimiento.<\/span><\/p>\n<p style=\"text-indent: 0px; margin-bottom: 0cm; text-align: justify; line-height: normal; background-color: white;\"><span style=\"font-family: Arial, sans-serif; font-size: 14pt; text-indent: -18pt;\">6.La mentalidad activadora de crecimiento en ventas.<\/span><\/p>\n<p style=\"text-indent: 0px; margin-bottom: 0cm; text-align: justify; line-height: normal; background-color: white;\"><span style=\"font-family: Arial, sans-serif; font-size: 14pt; text-indent: -18pt;\">&nbsp; &nbsp;La mentalidad inhibidora de decrecimiento.<\/span><\/p>\n<p style=\"text-indent: 0px; margin-bottom: 0cm; text-align: justify; line-height: normal; background-color: white;\"><span style=\"text-indent: -18pt; font-size: 18.6667px;\"><span style=\"font-family: Arial, sans-serif;\">7.<\/span><\/span><span style=\"font-size: 1em; text-indent: -18pt;\">Una charla sobre los alcances del assessment PDA<\/span><\/p>\n<p style=\"text-indent: 0px; margin-bottom: 0cm; text-align: justify; line-height: normal; background-color: white;\"><span style=\"text-indent: -18pt;\"><span style=\"font-variant-numeric: normal; font-variant-east-asian: normal; font-variant-alternates: normal; font-kerning: auto; font-optical-sizing: auto; font-feature-settings: normal; font-variation-settings: normal; font-stretch: normal; line-height: normal;\">8.<span style=\"font-size: xx-small; font-family: Times New Roman;\">&nbsp;<\/span><\/span><\/span><span style=\"text-indent: -18pt; font-size: 14pt; font-family: Arial, sans-serif;\">Realizaci\u00f3n del assessment PDA. perfil conductual por cada participante.<\/span><\/p>\n<p style=\"text-indent: 0px; margin-bottom: 0cm; text-align: justify; line-height: normal; background-color: white;\"><span style=\"text-indent: -18pt; font-size: 14pt; font-family: Arial, sans-serif;\">9. Una sesi\u00f3n de coaching personal para darle retroalimentaci\u00f3n sobre el assessment al participante: Descripci\u00f3n del perfil conductual. Permite al participante tener una amplia visi\u00f3n y comprensi\u00f3n sobre el estilo natural de comportamiento. A partir de esta descripci\u00f3n, podr\u00e1 tener una comprensi\u00f3n m\u00e1s profunda sobre sus motivadores naturales, c\u00f3mo responde ante la necesidad de resolver problemas, afrontar nuevos desaf\u00edos, ejercer su influencia, <\/span><span style=\"text-indent: -18pt; font-size: 14pt; font-family: Arial, sans-serif; background-color: white;\">adaptarse al cambio, responder a las reglas y procedimientos impuestos por otros.<\/span><\/p>\n<p style=\"text-indent: 0px; margin-bottom: 0cm; text-align: justify; line-height: normal; background-color: white;\"><span style=\"text-indent: -18pt; font-size: 14pt; font-family: Arial, sans-serif; background-color: white;\">&nbsp;vende.<\/span><\/p>\t\t\t\t\t\t\t\t<\/div>\n\t\t\t\t<\/div>\n\t\t\t\t\t<\/div>\n\t\t<\/div>\n\t\t\t\t<div class=\"elementor-column elementor-col-50 elementor-top-column elementor-element elementor-element-b17d0de\" data-id=\"b17d0de\" data-element_type=\"column\">\n\t\t\t<div class=\"elementor-widget-wrap elementor-element-populated\">\n\t\t\t\t\t\t<div class=\"elementor-element elementor-element-6ab499e elementor-widget elementor-widget-image\" data-id=\"6ab499e\" data-element_type=\"widget\" data-widget_type=\"image.default\">\n\t\t\t\t<div class=\"elementor-widget-container\">\n\t\t\t\t\t\t\t\t\t\t\t\t\t\t\t<img decoding=\"async\" width=\"1920\" height=\"1099\" src=\"https:\/\/eveliorojas.com\/wp-content\/uploads\/2023\/04\/Emprendedores-1.png\" class=\"attachment-full size-full wp-image-1776\" alt=\"\" srcset=\"https:\/\/eveliorojas.com\/wp-content\/uploads\/2023\/04\/Emprendedores-1.png 1920w, https:\/\/eveliorojas.com\/wp-content\/uploads\/2023\/04\/Emprendedores-1-300x172.png 300w, https:\/\/eveliorojas.com\/wp-content\/uploads\/2023\/04\/Emprendedores-1-1024x586.png 1024w, https:\/\/eveliorojas.com\/wp-content\/uploads\/2023\/04\/Emprendedores-1-768x440.png 768w, https:\/\/eveliorojas.com\/wp-content\/uploads\/2023\/04\/Emprendedores-1-1536x879.png 1536w\" sizes=\"(max-width: 1920px) 100vw, 1920px\" \/>\t\t\t\t\t\t\t\t\t\t\t\t\t\t\t<\/div>\n\t\t\t\t<\/div>\n\t\t\t\t\t<\/div>\n\t\t<\/div>\n\t\t\t\t\t<\/div>\n\t\t<\/section>\n\t\t\t\t<section class=\"elementor-section elementor-top-section elementor-element elementor-element-e778680 elementor-section-boxed elementor-section-height-default elementor-section-height-default\" data-id=\"e778680\" data-element_type=\"section\">\n\t\t\t\t\t\t<div class=\"elementor-container elementor-column-gap-default\">\n\t\t\t\t\t<div class=\"elementor-column elementor-col-50 elementor-top-column elementor-element elementor-element-715d82e\" data-id=\"715d82e\" data-element_type=\"column\">\n\t\t\t<div class=\"elementor-widget-wrap elementor-element-populated\">\n\t\t\t\t\t\t<div class=\"elementor-element elementor-element-f48e2f6 elementor-widget elementor-widget-image\" data-id=\"f48e2f6\" data-element_type=\"widget\" data-widget_type=\"image.default\">\n\t\t\t\t<div class=\"elementor-widget-container\">\n\t\t\t\t\t\t\t\t\t\t\t\t\t\t\t<img decoding=\"async\" width=\"640\" height=\"860\" src=\"https:\/\/eveliorojas.com\/wp-content\/uploads\/2023\/04\/Evelio-Rojas-consultoria-taller-EsoEmprende-3-762x1024.jpg\" class=\"attachment-large size-large wp-image-1616\" alt=\"\" srcset=\"https:\/\/eveliorojas.com\/wp-content\/uploads\/2023\/04\/Evelio-Rojas-consultoria-taller-EsoEmprende-3-762x1024.jpg 762w, https:\/\/eveliorojas.com\/wp-content\/uploads\/2023\/04\/Evelio-Rojas-consultoria-taller-EsoEmprende-3-223x300.jpg 223w, https:\/\/eveliorojas.com\/wp-content\/uploads\/2023\/04\/Evelio-Rojas-consultoria-taller-EsoEmprende-3-768x1032.jpg 768w, https:\/\/eveliorojas.com\/wp-content\/uploads\/2023\/04\/Evelio-Rojas-consultoria-taller-EsoEmprende-3-1143x1536.jpg 1143w, https:\/\/eveliorojas.com\/wp-content\/uploads\/2023\/04\/Evelio-Rojas-consultoria-taller-EsoEmprende-3-1524x2048.jpg 1524w, https:\/\/eveliorojas.com\/wp-content\/uploads\/2023\/04\/Evelio-Rojas-consultoria-taller-EsoEmprende-3.jpg 1860w\" sizes=\"(max-width: 640px) 100vw, 640px\" \/>\t\t\t\t\t\t\t\t\t\t\t\t\t\t\t<\/div>\n\t\t\t\t<\/div>\n\t\t\t\t\t<\/div>\n\t\t<\/div>\n\t\t\t\t<div class=\"elementor-column elementor-col-50 elementor-top-column elementor-element elementor-element-bd52c5f\" data-id=\"bd52c5f\" data-element_type=\"column\">\n\t\t\t<div class=\"elementor-widget-wrap elementor-element-populated\">\n\t\t\t\t\t\t<div class=\"elementor-element elementor-element-071f30b elementor-widget elementor-widget-text-editor\" data-id=\"071f30b\" data-element_type=\"widget\" data-widget_type=\"text-editor.default\">\n\t\t\t\t<div class=\"elementor-widget-container\">\n\t\t\t\t\t\t\t\t\t<p style=\"text-align: justify;\"><span style=\"font-size: 14pt; line-height: 107%; font-family: Arial, sans-serif; padding: 0cm; border: 1pt none windowtext;\"><b>Segunda<\/b><\/span><b><span style=\"font-size: 14pt; line-height: 107%; font-family: Arial, sans-serif; padding: 0cm; border: 1pt none windowtext;\"> semana d\u00edas 1 y 2.<\/span><span style=\"font-size: 1em;\"><span style=\"font-size: 14pt; line-height: 107%; font-family: Arial, sans-serif; padding: 0cm; border: 1pt none windowtext;\">\u00a0<\/span><\/span><\/b><\/p>\n<p><span style=\"font-size: 14pt; line-height: 107%; font-family: Arial, sans-serif; padding: 0cm; border: 1pt none windowtext;\"><b>El viaje a tu autoconocimiento y singularidad.<\/b><\/span><\/p>\n<ul>\n<li><span style=\"font-size: 14pt; line-height: 107%; font-family: Arial, sans-serif; padding: 0cm; border: 1pt none windowtext;\">\u00a0<\/span><span style=\"font-size: 1em;\"><span style=\"font-size: 14pt; line-height: 107%; font-family: Arial, sans-serif; padding: 0cm; border: 1pt none windowtext;\">Dos sesiones de coaching de emprendedor para el autoconocimiento de\u00a0<span style=\"background-color: #ffffff; font-weight: bold;\">ESOVENDE<\/span>.<\/span><\/span><\/li>\n<li><span style=\"font-size: 14pt; line-height: 107%; font-family: Arial, sans-serif; padding: 0cm; border: 1pt none windowtext;\">Alinear sobre la gran pregunta \u00bfqu\u00e9 es lo que realmente lo motiva, apasiona para amar lo que puede emprender?<\/span><\/li>\n<li><span style=\"font-size: 14pt; line-height: 107%; font-family: Arial, sans-serif; padding: 0cm; border: 1pt none windowtext;\">Descubrimiento:<\/span><\/li>\n<li><span style=\"font-size: 14pt; line-height: 107%; font-family: Arial, sans-serif; padding: 0cm; border: 1pt none windowtext;\">El autoconocimiento del participante y su alineaci\u00f3n con su singularidad, generando la pasi\u00f3n, el entusiasmo, la innovaci\u00f3n, la creatividad, el no tiempo, el estar profundamente alineado con lo que lo motiva, su mina de oro. <\/span><\/li>\n<li><span style=\"font-size: 14pt; line-height: 107%; font-family: Arial, sans-serif; padding: 0cm; border: 1pt none windowtext;\">\u00a0<\/span><span style=\"font-size: 1em;\"><span style=\"font-size: 14pt; line-height: 107%; font-family: Arial, sans-serif; padding: 0cm; border: 1pt none windowtext;\">Sesi\u00f3n de Coaching, para trabajar el autoconocimiento del concepto del emprendimiento o negocio, alineado con\u00a0<span style=\"background-color: #ffffff; font-weight: bold;\">ESOVENDE.<\/span><\/span><\/span><\/li>\n<\/ul>\n<p><span style=\"font-size: 14pt; line-height: 107%; font-family: Arial, sans-serif; padding: 0cm; border: 1pt none windowtext;\">T<b>ercera semana, d\u00edas 1 y 2.<\/b><\/span><\/p>\n<p><span style=\"font-size: 14pt; line-height: 107%; font-family: Arial, sans-serif; padding: 0cm; border: 1pt none windowtext;\">\u00a0<\/span><span style=\"font-size: 1em;\"><span style=\"font-size: 14pt; line-height: 107%; font-family: Arial, sans-serif; padding: 0cm; border: 1pt none windowtext;\">El viaje a tu negocio.<\/span><\/span><\/p>\n<ul>\n<li><span style=\"font-size: 14pt; line-height: 107%; font-family: Arial, sans-serif; padding: 0cm; border: 1pt none windowtext;\">\u00a0<\/span><span style=\"font-size: 1em;\"><span style=\"font-size: 14pt; line-height: 107%; font-family: Arial, sans-serif; padding: 0cm; border: 1pt none windowtext;\">Sesi\u00f3n de Coaching, para trabajar el desarrollo de la definici\u00f3n del concepto del emprendimiento o negocio, alineado con\u00a0<span style=\"background-color: #ffffff; font-weight: bold;\">ESOVENDE<\/span>.\u00a0<\/span><\/span><\/li>\n<li><span style=\"font-size: 14pt; line-height: 107%; font-family: Arial, sans-serif; padding: 0cm; border: 1pt none windowtext;\">El porqu\u00e9<\/span><\/li>\n<li><span style=\"font-size: 14pt; line-height: 107%; font-family: Arial, sans-serif; padding: 0cm; border: 1pt none windowtext;\">\u00a0<\/span><span style=\"font-size: 1em;\"><span style=\"font-size: 14pt; line-height: 107%; font-family: Arial, sans-serif; padding: 0cm; border: 1pt none windowtext;\">Los emprendimientos son \u00fanicos igual que las personas, visualizamos el emprendimiento con sus caracter\u00edsticas particulares, y motivadores conductuales propios del emprendedor.<\/span><\/span><\/li>\n<li><span style=\"font-size: 14pt; line-height: 107%; font-family: Arial, sans-serif; padding: 0cm; border: 1pt none windowtext;\">\u00a0<\/span><span style=\"font-size: 1em;\"><span style=\"font-size: 14pt; line-height: 107%; font-family: Arial, sans-serif; padding: 0cm; border: 1pt none windowtext;\">Alineamos a las personas en\u00a0<span style=\"background-color: #ffffff; font-weight: bold;\">ESOVENDE\u00a0<\/span>como la causa del crecimiento econ\u00f3mico.<\/span><\/span><\/li>\n<li><span style=\"font-size: 14pt; line-height: 107%; font-family: Arial, sans-serif; padding: 0cm; border: 1pt none windowtext;\">Cada persona es \u00fanica y dependiendo de su pasi\u00f3n intr\u00ednseca tendr\u00e1n unos resultados en su emprendimiento.<\/span><\/li>\n<li><span style=\"font-size: 14pt; line-height: 107%; font-family: Arial, sans-serif; padding: 0cm; border: 1pt none windowtext;\">Las experiencias, creencias e interpretaciones que realizan sobre ellas abren o cierran puertas.<\/span><\/li>\n<\/ul>\n<p style=\"text-align: justify;\">\u00a0<\/p>\t\t\t\t\t\t\t\t<\/div>\n\t\t\t\t<\/div>\n\t\t\t\t\t<\/div>\n\t\t<\/div>\n\t\t\t\t\t<\/div>\n\t\t<\/section>\n\t\t\t\t<\/div>\n\t\t","protected":false},"excerpt":{"rendered":"<p>ESOVENDE&nbsp;entrenamiento personalizado, un traje a la medida Entrenamiento de tres semanas para apoyar al emprendedor a realizar su autoconocimiento y su singularidad emprendedora. Realizaci\u00f3n de un assessment PDA, para que el emprendedor el conocimiento de su perfil conductual, para el viaje a su autodescubrimiento: que lo inspira y apasiona para amar a su emprendimiento y disfrutar, construir un \u00e9xito sostenible, pero qu\u00e9 sea su sue\u00f1o profundo, para llevarlo a la acci\u00f3n. &nbsp; Un aprendizaje de tres (3) semanas:&nbsp; Una charla&hellip;<\/p>\n","protected":false},"author":1,"featured_media":0,"parent":0,"menu_order":0,"comment_status":"closed","ping_status":"closed","template":"","meta":{"_joinchat":[],"footnotes":""},"class_list":["post-1179","page","type-page","status-publish","hentry"],"_links":{"self":[{"href":"https:\/\/eveliorojas.com\/index.php\/wp-json\/wp\/v2\/pages\/1179","targetHints":{"allow":["GET"]}}],"collection":[{"href":"https:\/\/eveliorojas.com\/index.php\/wp-json\/wp\/v2\/pages"}],"about":[{"href":"https:\/\/eveliorojas.com\/index.php\/wp-json\/wp\/v2\/types\/page"}],"author":[{"embeddable":true,"href":"https:\/\/eveliorojas.com\/index.php\/wp-json\/wp\/v2\/users\/1"}],"replies":[{"embeddable":true,"href":"https:\/\/eveliorojas.com\/index.php\/wp-json\/wp\/v2\/comments?post=1179"}],"version-history":[{"count":63,"href":"https:\/\/eveliorojas.com\/index.php\/wp-json\/wp\/v2\/pages\/1179\/revisions"}],"predecessor-version":[{"id":4469,"href":"https:\/\/eveliorojas.com\/index.php\/wp-json\/wp\/v2\/pages\/1179\/revisions\/4469"}],"wp:attachment":[{"href":"https:\/\/eveliorojas.com\/index.php\/wp-json\/wp\/v2\/media?parent=1179"}],"curies":[{"name":"wp","href":"https:\/\/api.w.org\/{rel}","templated":true}]}}