{"id":3890,"date":"2023-05-31T20:48:01","date_gmt":"2023-05-31T20:48:01","guid":{"rendered":"http:\/\/eveliorojas.com\/?page_id=3890"},"modified":"2024-10-18T19:09:23","modified_gmt":"2024-10-18T19:09:23","slug":"maria-teresa-palma","status":"publish","type":"page","link":"https:\/\/eveliorojas.com\/index.php\/maria-teresa-palma\/","title":{"rendered":"LCDA. Mar\u00eda Teresa Palma"},"content":{"rendered":"\n<p style=\"text-align: justify;\"><strong><span style=\"font-family: arial, helvetica, sans-serif; font-size: 14pt; color: #000000;\">Coach Consultora<\/span><\/strong><\/p>\n<p style=\"text-align: justify;\"><span style=\"font-family: arial, helvetica, sans-serif; font-size: 12pt; color: #000000;\">Contadora P\u00fablica de profesi\u00f3n, y con estudios de post grado en econom\u00eda empresarial, de la UCAB- Venezuela, ha realizado trabajos en empresas de alimentos y bebidas, ejerciendo diferentes cargos, coordinando equipos de trabajos en las \u00e1reas de: Tesorer\u00eda, Cobranzas, Pagos, Compras, Manejo de Inventario, Recursos humanos, Auditoria Interna, costos y Presupuestos e Inform\u00e1tica.<\/span><\/p>\n<p style=\"text-align: justify;\"><span style=\"font-family: arial, helvetica, sans-serif; font-size: 12pt; color: #000000;\">Como Asesora y Consultora, ha coordinado y supervisado actividades administrativas y contables, en empresas de diversos ramos: Textil y de confecci\u00f3n, Publicidad y Mercadeo, Comercio de Art\u00edculos de Lujo, Educativas, de Producci\u00f3n y Comercializaci\u00f3n Agr\u00edcola y Av\u00edcola, Inmobiliario y de Construcci\u00f3n, De Servicios, Laboratorio, De Servicio Social,\u00a0 Equipo de Beisbol y Fundaciones.\u00a0 Y ha trabajado en Programa sociales de la Universidad Central de Venezuela y Ministerio de La Familia.<\/span><\/p>\n<p style=\"text-align: justify;\"><span style=\"font-family: arial, helvetica, sans-serif; font-size: 12pt; color: #000000;\">Se form\u00f3 como Coach Ontol\u00f3gico en el Programa Internacional ABC (The Art Business Coaching 1997-1998) por la Empresa Newfield Consulting, Venezuela, Espa\u00f1a, M\u00e9xico)<\/span><\/p>\n<p style=\"text-align: justify;\"><span style=\"font-family: arial, helvetica, sans-serif; font-size: 12pt; color: #000000;\">Como Coach Consultora ha adquirido experiencia por m\u00e1s de 20 a\u00f1os, en la formaci\u00f3n \u00a0de nuevos coaches, participando como supervisora en programas, como el ACPC Chile y\u00a0 Argentina, y en Venezuela, en CANTV Servicios,\u00a0 FUDESEM Con Aprendizaje 2010 \u2013 Directora Lcda. Ivonne Hidalgo.<\/span><\/p>\n<p style=\"text-align: justify;\"><span style=\"font-family: arial, helvetica, sans-serif; font-size: 12pt; color: #000000;\">Y trabajos de coaching personal y Consultor\u00eda con Cambio Fundamental &#8211; Directora Ing. Mary Carmen Padr\u00f3n.<\/span><\/p>\n<p style=\"text-align: justify;\"><span style=\"font-family: arial, helvetica, sans-serif; font-size: 12pt; color: #000000;\">Se certific\u00f3 como Analista PDA en 2022.<\/span><\/p>\n<p style=\"text-align: justify;\"><span style=\"font-family: arial, helvetica, sans-serif; font-size: 12pt; color: #000000;\">Ha participado como Coach de Apoyo en el Programa El Viaje al Crecimiento &#8211; Programa de Ventas &#8211; Director Sr. Evelio Rojas S\u00e1nchez \u2013 M\u00e9xico.<\/span><\/p>\n<p><span class=\"OYPEnA font-feature-liga-off font-feature-clig-off font-feature-calt-off text-decoration-none text-strikethrough-none\">Autora de diferentes papers, basados en experiencias personales y su trabajo como coach personal y que sirven de apoyo en sus talleres, tambi\u00e9n de su autor\u00eda : Emociones y salud, Encuentro Conmigo, \u00bfMe interesa el poder y a ti?, No solo es decir\u2026 es hacer, La Energ\u00eda Humana.<\/span><\/p>\n<p style=\"text-align: justify;\"><span style=\"font-family: arial, helvetica, sans-serif; font-size: 12pt; color: #000000;\">Contactos: maryteresap21@gmail.com, \u00a0\u00a0+ 58\u00a0 412 6064929<\/span><\/p>\n<p style=\"text-align: justify;\">\u00a0<\/p>\n","protected":false},"excerpt":{"rendered":"<p>Coach Consultora Contadora P\u00fablica de profesi\u00f3n, y con estudios de post grado en econom\u00eda empresarial, de la UCAB- Venezuela, ha realizado trabajos en empresas de alimentos y bebidas, ejerciendo diferentes cargos, coordinando equipos de trabajos en las \u00e1reas de: Tesorer\u00eda, Cobranzas, Pagos, Compras, Manejo de Inventario, Recursos humanos, Auditoria Interna, costos y Presupuestos e Inform\u00e1tica. Como Asesora y Consultora, ha coordinado y supervisado actividades administrativas y contables, en empresas de diversos ramos: Textil y de confecci\u00f3n, Publicidad y Mercadeo, Comercio&hellip;<\/p>\n","protected":false},"author":1,"featured_media":0,"parent":0,"menu_order":0,"comment_status":"closed","ping_status":"closed","template":"","meta":{"_joinchat":[],"footnotes":""},"class_list":["post-3890","page","type-page","status-publish","hentry"],"_links":{"self":[{"href":"https:\/\/eveliorojas.com\/index.php\/wp-json\/wp\/v2\/pages\/3890","targetHints":{"allow":["GET"]}}],"collection":[{"href":"https:\/\/eveliorojas.com\/index.php\/wp-json\/wp\/v2\/pages"}],"about":[{"href":"https:\/\/eveliorojas.com\/index.php\/wp-json\/wp\/v2\/types\/page"}],"author":[{"embeddable":true,"href":"https:\/\/eveliorojas.com\/index.php\/wp-json\/wp\/v2\/users\/1"}],"replies":[{"embeddable":true,"href":"https:\/\/eveliorojas.com\/index.php\/wp-json\/wp\/v2\/comments?post=3890"}],"version-history":[{"count":2,"href":"https:\/\/eveliorojas.com\/index.php\/wp-json\/wp\/v2\/pages\/3890\/revisions"}],"predecessor-version":[{"id":4429,"href":"https:\/\/eveliorojas.com\/index.php\/wp-json\/wp\/v2\/pages\/3890\/revisions\/4429"}],"wp:attachment":[{"href":"https:\/\/eveliorojas.com\/index.php\/wp-json\/wp\/v2\/media?parent=3890"}],"curies":[{"name":"wp","href":"https:\/\/api.w.org\/{rel}","templated":true}]}}