{"id":4734,"date":"2024-10-28T19:03:05","date_gmt":"2024-10-28T19:03:05","guid":{"rendered":"https:\/\/eveliorojas.com\/?page_id=4734"},"modified":"2024-10-28T19:03:46","modified_gmt":"2024-10-28T19:03:46","slug":"maria-guadalupe-rivera-testimonio","status":"publish","type":"page","link":"https:\/\/eveliorojas.com\/index.php\/maria-guadalupe-rivera-testimonio\/","title":{"rendered":"Mar\u00eda Guadalupe Rivera (Testimonio)"},"content":{"rendered":"<div class=\"wp-block-image\">\n<figure class=\"aligncenter size-full is-resized\"><img decoding=\"async\" width=\"164\" height=\"171\" src=\"https:\/\/eveliorojas.com\/wp-content\/uploads\/2024\/10\/maria.png\" alt=\"\" class=\"wp-image-4670\" style=\"width:217px;height:auto\" srcset=\"https:\/\/eveliorojas.com\/wp-content\/uploads\/2024\/10\/maria.png 164w, https:\/\/eveliorojas.com\/wp-content\/uploads\/2024\/10\/maria-111x116.png 111w\" sizes=\"(max-width: 164px) 100vw, 164px\" \/><\/figure>\n<\/div>\n\n\n<p style=\"text-align: justify;\"><span style=\"color: #000000; font-family: arial, helvetica, sans-serif;\">\u201cDecid\u00ed emprender un viaje hacia el crecimiento, desde el autoconocimiento y entendimiento de aspectos claves para generar resultados, a trav\u00e9s del desarrollo de habilidades interpersonales.<\/span><\/p>\n<p style=\"text-align: justify;\"><span style=\"color: #000000; font-family: arial, helvetica, sans-serif;\">Hoy me siento satisfecha con los resultados obtenidos, con los v\u00ednculos que he creado con mis clientes y el impacto en mi desarrollo personal.<\/span><\/p>\n<p style=\"text-align: justify;\"><span style=\"color: #000000; font-family: arial, helvetica, sans-serif;\">El principal desaf\u00edo fue realizar las tareas que implicaba el programa. Es una experiencia enriquecedora y ampliamente recomendada.<\/span><\/p>\n<p style=\"text-align: justify;\"><span style=\"color: #000000; font-family: arial, helvetica, sans-serif;\">Evelio me brindo un acompa\u00f1amiento especial, reafirmando siempre su disposici\u00f3n y capacidad para acompa\u00f1arme a lograr los objetivos del programa.<\/span><\/p>\n<p style=\"text-align: justify;\"><span style=\"color: #000000; font-family: arial, helvetica, sans-serif;\">El programa el Viaje al Crecimiento lo recomiendo, porque es un programa integral que impacta no solo en el desarrollo de habilidades profesionales, si no, tambi\u00e9n en el desarrollo de habilidades y competencias personales, alineadas a lo que requiere el mundo en constante cambio\u201d.<\/span><\/p>\n<p style=\"text-align: justify;\"><span style=\"color: #000000; font-family: arial, helvetica, sans-serif;\">Empresa PDA Internacional<\/span><\/p>\n<p style=\"text-align: justify;\"><span style=\"color: #000000; font-family: arial, helvetica, sans-serif;\">Puesto: Customer Experience Analyst PDA.<\/span><\/p>\n<p style=\"text-align: justify;\"><span style=\"color: #000000; font-family: arial, helvetica, sans-serif;\">Participaci\u00f3n: Programa El Viaje al Crecimiento \u201cEmployee\u201d. 2.022 \u2013 2.023.<\/span><\/p>\n","protected":false},"excerpt":{"rendered":"<p>\u201cDecid\u00ed emprender un viaje hacia el crecimiento, desde el autoconocimiento y entendimiento de aspectos claves para generar resultados, a trav\u00e9s del desarrollo de habilidades interpersonales. Hoy me siento satisfecha con los resultados obtenidos, con los v\u00ednculos que he creado con mis clientes y el impacto en mi desarrollo personal. El principal desaf\u00edo fue realizar las tareas que implicaba el programa. Es una experiencia enriquecedora y ampliamente recomendada. Evelio me brindo un acompa\u00f1amiento especial, reafirmando siempre su disposici\u00f3n y capacidad para&hellip;<\/p>\n","protected":false},"author":2,"featured_media":0,"parent":0,"menu_order":0,"comment_status":"closed","ping_status":"closed","template":"","meta":{"_joinchat":[],"footnotes":""},"class_list":["post-4734","page","type-page","status-publish","hentry"],"_links":{"self":[{"href":"https:\/\/eveliorojas.com\/index.php\/wp-json\/wp\/v2\/pages\/4734","targetHints":{"allow":["GET"]}}],"collection":[{"href":"https:\/\/eveliorojas.com\/index.php\/wp-json\/wp\/v2\/pages"}],"about":[{"href":"https:\/\/eveliorojas.com\/index.php\/wp-json\/wp\/v2\/types\/page"}],"author":[{"embeddable":true,"href":"https:\/\/eveliorojas.com\/index.php\/wp-json\/wp\/v2\/users\/2"}],"replies":[{"embeddable":true,"href":"https:\/\/eveliorojas.com\/index.php\/wp-json\/wp\/v2\/comments?post=4734"}],"version-history":[{"count":2,"href":"https:\/\/eveliorojas.com\/index.php\/wp-json\/wp\/v2\/pages\/4734\/revisions"}],"predecessor-version":[{"id":4737,"href":"https:\/\/eveliorojas.com\/index.php\/wp-json\/wp\/v2\/pages\/4734\/revisions\/4737"}],"wp:attachment":[{"href":"https:\/\/eveliorojas.com\/index.php\/wp-json\/wp\/v2\/media?parent=4734"}],"curies":[{"name":"wp","href":"https:\/\/api.w.org\/{rel}","templated":true}]}}

María Guadalupe Rivera (Testimonio)

<div class="wp-block-image">
<figure class="aligncenter size-full is-resized"><img decoding="async" width="164" height="171" src="https://eveliorojas.com/wp-content/uploads/2024/10/maria.png" alt="" class="wp-image-4670" style="width:217px;height:auto" srcset="https://eveliorojas.com/wp-content/uploads/2024/10/maria.png 164w, https://eveliorojas.com/wp-content/uploads/2024/10/maria-111x116.png 111w" sizes="(max-width: 164px) 100vw, 164px" /></figure>
</div>


<p style="text-align: justify;"><span style="color: #000000; font-family: arial, helvetica, sans-serif;">“Decidí emprender un viaje hacia el crecimiento, desde el autoconocimiento y entendimiento de aspectos claves para generar resultados, a través del desarrollo de habilidades interpersonales.</span></p>
<p style="text-align: justify;"><span style="color: #000000; font-family: arial, helvetica, sans-serif;">Hoy me siento satisfecha con los resultados obtenidos, con los vínculos que he creado con mis clientes y el impacto en mi desarrollo personal.</span></p>
<p style="text-align: justify;"><span style="color: #000000; font-family: arial, helvetica, sans-serif;">El principal desafío fue realizar las tareas que implicaba el programa. Es una experiencia enriquecedora y ampliamente recomendada.</span></p>
<p style="text-align: justify;"><span style="color: #000000; font-family: arial, helvetica, sans-serif;">Evelio me brindo un acompañamiento especial, reafirmando siempre su disposición y capacidad para acompañarme a lograr los objetivos del programa.</span></p>
<p style="text-align: justify;"><span style="color: #000000; font-family: arial, helvetica, sans-serif;">El programa el Viaje al Crecimiento lo recomiendo, porque es un programa integral que impacta no solo en el desarrollo de habilidades profesionales, si no, también en el desarrollo de habilidades y competencias personales, alineadas a lo que requiere el mundo en constante cambio”.</span></p>
<p style="text-align: justify;"><span style="color: #000000; font-family: arial, helvetica, sans-serif;">Empresa PDA Internacional</span></p>
<p style="text-align: justify;"><span style="color: #000000; font-family: arial, helvetica, sans-serif;">Puesto: Customer Experience Analyst PDA.</span></p>
<p style="text-align: justify;"><span style="color: #000000; font-family: arial, helvetica, sans-serif;">Participación: Programa El Viaje al Crecimiento “Employee”. 2.022 – 2.023.</span></p>

<p>“Decidí emprender un viaje hacia el crecimiento, desde el autoconocimiento y entendimiento de aspectos claves para generar resultados, a través del desarrollo de habilidades interpersonales. Hoy me siento satisfecha con los resultados obtenidos, con los vínculos que he creado con mis clientes y el impacto en mi desarrollo personal. El principal desafío fue realizar las tareas que implicaba el programa. Es una experiencia enriquecedora y ampliamente recomendada. Evelio me brindo un acompañamiento especial, reafirmando siempre su disposición y capacidad para&hellip;</p>
