{"id":4907,"date":"2024-11-11T17:03:51","date_gmt":"2024-11-11T17:03:51","guid":{"rendered":"https:\/\/eveliorojas.com\/?page_id=4907"},"modified":"2024-11-11T17:03:53","modified_gmt":"2024-11-11T17:03:53","slug":"los-problemas-que-resuelve","status":"publish","type":"page","link":"https:\/\/eveliorojas.com\/index.php\/los-problemas-que-resuelve\/","title":{"rendered":"Los Problemas Que Resuelve"},"content":{"rendered":"\n<p><strong>1. Falta de claridad en el prop\u00f3sito:<\/strong>&nbsp;Muchas veces, los ejecutivos no est\u00e1n alineados con lo que realmente los motiva, lo que genera confusi\u00f3n y falta de direcci\u00f3n<strong>.<\/strong><\/p>\n\n\n\n<p><strong>2. Estancamiento en el desarrollo:<\/strong>&nbsp;Profesionales que sienten que han llegado a un punto donde no avanzan ni crecen.<\/p>\n\n\n\n<p><strong>3. Equipos con baja cohesi\u00f3n y desempe\u00f1o inconsistente:<\/strong>&nbsp;Donde el trabajo en equipo no es eficiente o se presentan problemas de comunicaci\u00f3n.<\/p>\n\n\n\n<p><strong>4. Desconexi\u00f3n entre sus motivadores internos y su trabajo diario:<\/strong>&nbsp;Falta de alineaci\u00f3n entre lo que les apasiona y lo que hacen a diario.<\/p>\n\n\n\n<p><strong>5.&nbsp;<\/strong><strong>Falta de innovaci\u00f3n:<\/strong>&nbsp;Se observa una desconexi\u00f3n entre las estrategias de ventas de la empresa. En las experiencias de los clientes al interactuar con nuestros servicios y productos.<\/p>\n\n\n\n<p><strong>6.<\/strong>&nbsp;<strong>Gesti\u00f3n ineficiente del cambio:<\/strong>&nbsp;La resistencia al cambio por parte de los profesionales puede dificultar la adaptaci\u00f3n e implementaci\u00f3n de nuevas.<\/p>\n\n\n\n<p><strong>7<\/strong><strong>.&nbsp;<\/strong><strong>Falta de autoconocimiento y autorreflexi\u00f3n entre los profesionales:<\/strong>&nbsp;est\u00e1 correlacionado debido a que los bajos desempe\u00f1os y resultados individuales, que impactan directamente en la eficiencia operativa y en los resultados financieros de la empresa.<\/p>\n\n\n\n<p><strong>8<\/strong><strong>.&nbsp;<\/strong><strong>El impacto de la no singularidad individual en la Integraci\u00f3n del equipo de trabajo:<\/strong>&nbsp;La falta afecta la eficiencia, productividad y la integraci\u00f3n del equipo.<\/p>\n\n\n\n<p><strong>9.&nbsp;<\/strong><strong>La baja orientaci\u00f3n al cliente y soluci\u00f3n de problemas:&nbsp;<\/strong>Si los profesionales no est\u00e1 enfocada en satisfacer las preocupaciones y necesidades de sus clientes, resolviendo sus angustian, sufrimientos y problemas, pierden ingresos.<\/p>\n\n\n\n<p><strong>10<\/strong>.<strong>Las deficiencias en la profesionales en el trabajo con otros equipos:<\/strong>&nbsp;Afectan la eficiencia operativa y aumentar los costos. Si no est\u00e1n enfocada en satisfacer las preocupaciones de sus clientes, resolviendo sus angustian, y problemas, pierden ingresos.<\/p>\n","protected":false},"excerpt":{"rendered":"<p>1. Falta de claridad en el prop\u00f3sito:&nbsp;Muchas veces, los ejecutivos no est\u00e1n alineados con lo que realmente los motiva, lo que genera confusi\u00f3n y falta de direcci\u00f3n. 2. Estancamiento en el desarrollo:&nbsp;Profesionales que sienten que han llegado a un punto donde no avanzan ni crecen. 3. Equipos con baja cohesi\u00f3n y desempe\u00f1o inconsistente:&nbsp;Donde el trabajo en equipo no es eficiente o se presentan problemas de comunicaci\u00f3n. 4. Desconexi\u00f3n entre sus motivadores internos y su trabajo diario:&nbsp;Falta de alineaci\u00f3n entre lo&hellip;<\/p>\n","protected":false},"author":1,"featured_media":0,"parent":0,"menu_order":0,"comment_status":"closed","ping_status":"closed","template":"","meta":{"_joinchat":[],"footnotes":""},"class_list":["post-4907","page","type-page","status-publish","hentry"],"_links":{"self":[{"href":"https:\/\/eveliorojas.com\/index.php\/wp-json\/wp\/v2\/pages\/4907","targetHints":{"allow":["GET"]}}],"collection":[{"href":"https:\/\/eveliorojas.com\/index.php\/wp-json\/wp\/v2\/pages"}],"about":[{"href":"https:\/\/eveliorojas.com\/index.php\/wp-json\/wp\/v2\/types\/page"}],"author":[{"embeddable":true,"href":"https:\/\/eveliorojas.com\/index.php\/wp-json\/wp\/v2\/users\/1"}],"replies":[{"embeddable":true,"href":"https:\/\/eveliorojas.com\/index.php\/wp-json\/wp\/v2\/comments?post=4907"}],"version-history":[{"count":1,"href":"https:\/\/eveliorojas.com\/index.php\/wp-json\/wp\/v2\/pages\/4907\/revisions"}],"predecessor-version":[{"id":4908,"href":"https:\/\/eveliorojas.com\/index.php\/wp-json\/wp\/v2\/pages\/4907\/revisions\/4908"}],"wp:attachment":[{"href":"https:\/\/eveliorojas.com\/index.php\/wp-json\/wp\/v2\/media?parent=4907"}],"curies":[{"name":"wp","href":"https:\/\/api.w.org\/{rel}","templated":true}]}}